52 is divided by 444?
424
Calculate the remainder when 4137 is divided by 4074.
63
Calculate the remainder when 24797 is divided by 3098.
13
What is the remainder when 22657 is divided by 91?
89
Calculate the remainder when 64119 is divided by 21.
6
What is the remainder when 21468 is divided by 50?
18
What is the remainder when 67537 is divided by 479?
477
Calculate the remainder when 6662 is divided by 64.
6
Calculate the remainder when 43591 is divided by 42.
37
Calculate the remainder when 1863 is divided by 1601.
262
Calculate the remainder when 275212 is divided by 17.
16
What is the remainder when 12709 is divided by 2117?
7
Calculate the remainder when 4395 is divided by 1076.
91
Calculate the remainder when 32286 is divided by 10744.
54
Calculate the remainder when 5690 is divided by 1479.
1253
What is the remainder when 1084 is divided by 630?
454
Calculate the remainder when 27335 is divided by 4504.
311
Calculate the remainder when 60936 is divided by 49.
29
Calculate the remainder when 92572 is divided by 92549.
23
Calculate the remainder when 96308 is divided by 9.
8
What is the remainder when 2336380 is divided by 18?
16
What is the remainder when 64118 is divided by 62?
10
What is the remainder when 961048 is divided by 30?
28
What is the remainder when 5170 is divided by 75?
70
What is the remainder when 21866 is divided by 730?
696
What is the remainder when 1154 is divided by 17?
15
Calculate the remainder when 96790 is divided by 442.
434
Calculate the remainder when 20376 is divided by 32.
24
Calculate the remainder when 7720 is divided by 112.
104
Calculate the remainder when 7766643 is divided by 349.
346
Calculate the remainder when 34198 is divided by 12.
10
Calculate the remainder when 642 is divided by 58.
4
What is the remainder when 3358 is divided by 228?
166
What is the remainder when 259103 is divided by 23?
8
What is the remainder when 207207 is divided by 20719?
17
Calculate the remainder when 3585 is divided by 94.
13
What is the remainder when 284 is divided by 119?
46
What is the remainder when 3407 is divided by 16?
15
What is the remainder when 273609 is divided by 136787?
35
Calculate the remainder when 37294 is divided by 731.
13
Calculate the remainder when 109218 is divided by 7.
4
Calculate the remainder when 422818 is divided by 45.
43
Calculate the remainder when 210047 is divided by 96.
95
Calculate the remainder when 33929 is divided by 4240.
9
What is the remainder when 21111 is divided by 71?
24
What is the remainder when 1470839 is divided by 34?
33
Calculate the remainder when 268070 is divided by 18.
14
Calculate the remainder when 51657 is divided by 654.
645
Calculate the remainder when 339688 is divided by 402.
400
What is the remainder when 6381 is divided by 48?
45
What is the remainder when 289311 is divided by 5563?
35
What is the remainder when 34123 is divided by 34119?
4
Calculate the remainder when 57757 is divided by 862.
3
Calculate the remainder when 86856 is divided by 1158.
6
What is the remainder when 7242 is divided by 163?
70
Calculate the remainder when 5934 is divided by 216.
102
What is the remainder when 53149 is divided by 66?
19
Calculate the remainder when 407452 is divided by 10186.
12
What is the remainder when 30698 is divided by 30661?
37
What is the remainder when 49330 is divided by 16440?
10
What is the remainder when 75918 is divided by 33?
18
Calculate the remainder when 12109 is divided by 83.
74
Calculate the remainder when 20730 is divided by 83.
63
Calculate the remainder when 1271 is divided by 515.
241
Calculate the remainder when 4212 is divided by 100.
12
Calculate the remainder when 6745 is divided by 2959.
827
What is the remainder when 11913 is divided by 3946?
75
What is the remainder when 2041 is divided by 630?
151
What is the remainder when 13157 is divided by 6528?
101
What is the remainder when 347797 is divided by 86940?
37
Calculate the remainder when 99488 is divided by 33160.
8
What is the remainder when 36266 is divided by 117?
113
What is the remainder when 8794 is divided by 149?
3
Calculate the remainder when 8906 is divided by 106.
2
Calculate the remainder when 2260 is divided by 33.
16
Calculate the remainder when 9573 is divided by 342.
339
Calculate the remainder when 1437 is divided by 178.
13
What is the remainder when 62699 is divided by 234?
221
What is the remainder when 4634 is divided by 240?
74
Calculate the remainder when 19548 is divided by 9700.
148
What is the remainder when 11763 is divided by 111?
108
Calculate the remainder when 2698 is divided by 94.
66
Calculate the remainder when 1063 is divided by 143.
62
What is the remainder when 106252 is divided by 53105?
42
Calculate the remainder when 15643 is divided by 39.
4
Calculate the remainder when 3030 is divided by 105.
90
What is the remainder when 1294 is divided by 322?
6
What is the remainder when 32913 is divided by 39?
36
What is the remainder when 375045 is divided by 102?
93
Calculate the remainder when 5621 is divided by 1111.
66
What is the remainder when 1321 is divided by 507?
307
What is the remainder when 351 is divided by 176?
175
Calculate the remainder when 60571 is divided by 71.
8
What is the remainder when 1158 is divided by 247?
170
What is the remainder when 360485 is divided by 1243?
15
What is the remainder when 4650 is divided by 1392?
474
Calculate the remainder when 29867 is divided by 348.
287
Calculate the remainder when 2123034 is divided by 103.
101
Calculate the remainder when 3531 is divided by 122.
115
What is the remainder when 3516 is divided by 502?
2
What is the remainder when 84008 is divided by 700?
8
What is the remainder when 2647499 is divided by 50?
49
What is the remainder when 13770 is divided by 657?
630
What is the remainder when 6594 is divided by 605?
544
Calculate the remainder when 1535 is divided by 1440.
95
Calculate the remainder when 42191 is divided by 9.
8
Calculate the remainder when 485 is divided by 386.
99
What is the remainder when 3079 is divided by 148?
119
What is the remainder when 377679 is divided by 242?
159
Calculate the remainder when 213884 is divided by 71262.
98
Calculate the remainder when 64813 is divided by 29.
27
Calculate the remainder when 55925 is divided by 18539.
308
What is the remainder when 6582 is divided by 294?
114
What is the remainder when 39524 is divided by 255?
254
Calculate the remainder when 2337 is divided by 466.
7
Calculate the remainder when 27709 is divided by 9.
7
Calculate the remainder when 83659 is divided by 94.
93
Calculate the remainder when 3424861 is divided by 39.
37
What is the remainder when 10916 is divided by 676?
100
What is the remainder when 17619 is divided by 3512?
59
What is the remainder when 1547 is divided by 30?
17
What is the remainder when 7907 is divided by 55?
42
What is the remainder when 30082 is divided by 99?
85
Calculate the remainder when 373238 is divided by 35.
33
Calculate the remainder when 4179 is divided by 222.
183
What is the remainder when 4839 is divided by 88?
87
What is the remainder when 3740 is divided by 48?
44
What is the remainder when 252798 is divided by 50?
48
Calculate the remainder when 19386 is divided by 553.
31
What is the remainder when 1358856 is divided by 10?
6
Calculate the remainder when 1270 is divided by 211.
4
What is the remainder when 898 is divided by 127?
9
What is the remainder when 66375 is divided by 609?
603
Calculate the remainder when 16574 is divided by 360.
14
What is the remainder when 14241 is divided by 167?
46
What is the remainder when 59795 is divided by 1458?
17
Calculate the remainder when 100549 is divided by 412.
21
What is the remainder when 10896 is divided by 835?
41
What is the remainder when 3700 is divided by 456?
52
Calculate the remainder when 769694 is divided by 18.
14
Calculate the remainder when 4684 is divided by 942.
916
Calculate the remainder when 8406 is divided by 2798.
12
What is the remainder when 189 is divided by 2?
1
Calculate the remainder when 9595 is divided by 30.
25
What is the remainder when 6467 is divided by 75?
17
Calculate the remainder when 127632 is divided by 1316.
1296
What is the remainder when 1320 is divided by 138?
78
Calculate